{"id":7,"date":"2012-01-02T00:00:08","date_gmt":"2012-01-01T22:00:08","guid":{"rendered":"http:\/\/bajorek.com.pl\/wordpress\/?page_id=7"},"modified":"2016-12-01T22:21:05","modified_gmt":"2016-12-01T20:21:05","slug":"nasza-rodzinka","status":"publish","type":"page","link":"https:\/\/bajorek.com.pl\/wordpress\/","title":{"rendered":"Nasza Rodzinka"},"content":{"rendered":"<h1 style=\"text-align: center;\"><\/h1>\n<p><a href=\"http:\/\/bajorek.com.pl\/wordpress\/wp-content\/uploads\/2011\/01\/rodzinka.jpg\"><img loading=\"lazy\" class=\"aligncenter size-full wp-image-8\" title=\"rodzinka\" src=\"http:\/\/bajorek.com.pl\/wordpress\/wp-content\/uploads\/2011\/01\/rodzinka.jpg\" alt=\"\" width=\"500\" height=\"369\" srcset=\"https:\/\/bajorek.com.pl\/wordpress\/wp-content\/uploads\/2011\/01\/rodzinka.jpg 500w, https:\/\/bajorek.com.pl\/wordpress\/wp-content\/uploads\/2011\/01\/rodzinka-300x221.jpg 300w\" sizes=\"(max-width: 500px) 100vw, 500px\" \/><\/a><\/p>\n<p>&nbsp;<\/p>\n<p>&nbsp;<\/p>\n<p style=\"text-align: center;\"><a href=\"http:\/\/www.baru0.pl.tl\/\">Stara strona domowa<\/a><\/p>\n<p style=\"text-align: center;\"><a href=\"http:\/\/www.baru0.pl.tl\/\">Wi\u0119cej zdj\u0119\u0107<\/a><\/p>\n<h1 style=\"text-align: center;\"><span style=\"color: #ffffff;\">0<\/span><\/h1>\n<p style=\"text-align: center;\"><a href=\"http:\/\/www.pasiekabajorek.pl\/\"><em><span style=\"color: #ff0000;\">Pasieka Bajorek<\/span><\/em><br \/>\n<em><span style=\"color: #ff0000;\"> Strona o produktach pszczelich<\/span><\/em><\/a><\/p>\n<p style=\"text-align: center;\"><a href=\"http:\/\/www.pasiekabajorek.pl\/\"><img loading=\"lazy\" class=\"aligncenter size-medium wp-image-444\" title=\"logo na stron\u0119\" src=\"http:\/\/bajorek.com.pl\/wordpress\/wp-content\/uploads\/2012\/01\/logo-na-stron\u0119--300x215.png\" alt=\"\" width=\"180\" height=\"129\" srcset=\"https:\/\/bajorek.com.pl\/wordpress\/wp-content\/uploads\/2012\/01\/logo-na-stron\u0119--300x215.png 300w, https:\/\/bajorek.com.pl\/wordpress\/wp-content\/uploads\/2012\/01\/logo-na-stron\u0119-.png 517w\" sizes=\"(max-width: 180px) 100vw, 180px\" \/><\/a><\/p>\n<p>Kontakt e mail- <em><strong>wwwbajorek@gmail.com<\/strong><\/em><\/p>\n<p>&nbsp;<\/p>\n<p style=\"text-align: center;\"><a href=\"http:\/\/bajorek.com.pl\/wordpress\/wp-content\/uploads\/2012\/01\/DSC_3312.jpg\"><img loading=\"lazy\" class=\"aligncenter\" title=\"DSC_3312\" src=\"http:\/\/bajorek.com.pl\/wordpress\/wp-content\/uploads\/2012\/01\/DSC_3312-300x225.jpg\" alt=\"\" width=\"300\" height=\"225\" \/><\/a><\/p>\n<p>&nbsp;<\/p>\n<p>&nbsp;<\/p>\n","protected":false},"excerpt":{"rendered":"<p>&nbsp; &nbsp; Stara strona domowa Wi\u0119cej zdj\u0119\u0107 0 Pasieka Bajorek Strona o produktach pszczelich Kontakt e mail- wwwbajorek@gmail.com &nbsp; &nbsp; &nbsp;<\/p>\n","protected":false},"author":1,"featured_media":0,"parent":0,"menu_order":1,"comment_status":"closed","ping_status":"closed","template":"","meta":[],"_links":{"self":[{"href":"https:\/\/bajorek.com.pl\/wordpress\/index.php?rest_route=\/wp\/v2\/pages\/7"}],"collection":[{"href":"https:\/\/bajorek.com.pl\/wordpress\/index.php?rest_route=\/wp\/v2\/pages"}],"about":[{"href":"https:\/\/bajorek.com.pl\/wordpress\/index.php?rest_route=\/wp\/v2\/types\/page"}],"author":[{"embeddable":true,"href":"https:\/\/bajorek.com.pl\/wordpress\/index.php?rest_route=\/wp\/v2\/users\/1"}],"replies":[{"embeddable":true,"href":"https:\/\/bajorek.com.pl\/wordpress\/index.php?rest_route=%2Fwp%2Fv2%2Fcomments&post=7"}],"version-history":[{"count":42,"href":"https:\/\/bajorek.com.pl\/wordpress\/index.php?rest_route=\/wp\/v2\/pages\/7\/revisions"}],"predecessor-version":[{"id":448,"href":"https:\/\/bajorek.com.pl\/wordpress\/index.php?rest_route=\/wp\/v2\/pages\/7\/revisions\/448"}],"wp:attachment":[{"href":"https:\/\/bajorek.com.pl\/wordpress\/index.php?rest_route=%2Fwp%2Fv2%2Fmedia&parent=7"}],"curies":[{"name":"wp","href":"https:\/\/api.w.org\/{rel}","templated":true}]}}